{"id":284,"date":"2025-12-12T16:59:50","date_gmt":"2025-12-12T16:59:50","guid":{"rendered":"https:\/\/penalolen.dev-gdm.cl\/mascotas\/?page_id=284"},"modified":"2025-12-30T15:10:39","modified_gmt":"2025-12-30T15:10:39","slug":"inicio","status":"publish","type":"page","link":"https:\/\/penalolen.dev-gdm.cl\/mascotas\/","title":{"rendered":"Inicio"},"content":{"rendered":"<div id='av_section_1'  class='avia-section av-1jwzt8-5aaa2a145f1d0a3dc797154087bb10e4 main_color avia-section-large avia-no-border-styling  avia-builder-el-0  el_before_av_section  avia-builder-el-first  avia-bg-style-scroll container_wrap sidebar_right'  ><div class='container av-section-cont-open' ><main  role=\"main\" itemprop=\"mainContentOfPage\"  class='template-page content  av-content-small alpha units'><div class='post-entry post-entry-type-page post-entry-284'><div class='entry-content-wrapper clearfix'>\n\n<style type=\"text\/css\" data-created_by=\"avia_inline_auto\" id=\"style-css-av-mj6m51vx-0b21a64a734a19bfd1e9c7157f39a2b2\">\n#top .av-special-heading.av-mj6m51vx-0b21a64a734a19bfd1e9c7157f39a2b2{\npadding-bottom:10px;\n}\nbody .av-special-heading.av-mj6m51vx-0b21a64a734a19bfd1e9c7157f39a2b2 .av-special-heading-tag .heading-char{\nfont-size:25px;\n}\n.av-special-heading.av-mj6m51vx-0b21a64a734a19bfd1e9c7157f39a2b2 .av-subheading{\nfont-size:15px;\n}\n<\/style>\n<div  class='av-special-heading av-mj6m51vx-0b21a64a734a19bfd1e9c7157f39a2b2 av-special-heading-h1 blockquote elegant-quote elegant-centered  avia-builder-el-1  el_before_av_textblock  avia-builder-el-first '><h1 class='av-special-heading-tag'  itemprop=\"headline\"  ><span class=\"heading-wrap\">Atenci\u00f3n Veterinaria Municipal <\/span><\/h1><div class=\"special-heading-border\"><div class=\"special-heading-inner-border\"><\/div><\/div><\/div>\n<section  class='av_textblock_section av-mj6m7zfl-91528d9ff71ffe55dda9d0142bcd9336'  itemscope=\"itemscope\" itemtype=\"https:\/\/schema.org\/CreativeWork\" ><div class='avia_textblock'  itemprop=\"text\" ><p style=\"text-align: center;\">La Municipalidad de Pe\u00f1alol\u00e9n cuenta con un equipo especializado para fortalecer la salud y el bienestar animal de las mascotas de la comuna, entregando un servicio cercano, de calidad y accesible para todas las familias. Aqu\u00ed encontrar\u00e1s atenciones m\u00e9dicas b\u00e1sicas, controles preventivos, esterilizaciones y tratamientos a bajo costo o de manera gratuita, porque creemos que todos los animales merecen recibir los cuidados necesarios para tener una vida sana y feliz.<\/p>\n<\/div><\/section>\n\n<\/div><\/div><\/main><!-- close content main element --><\/div><\/div><div id='av_section_2'  class='avia-section av-1g4xnw-facf7cec53bbf78c2545675977acc7d1 main_color avia-section-default avia-no-border-styling  avia-builder-el-3  el_after_av_section  el_before_av_hr  avia-bg-style-scroll container_wrap sidebar_right'  ><div class='container av-section-cont-open' ><div class='template-page content  av-content-small alpha units'><div class='post-entry post-entry-type-page post-entry-284'><div class='entry-content-wrapper clearfix'>\n<div class='flex_column_table av-lvat8-73b29fe4cd8a6ca9d623080fbd966cf8 sc-av_one_half av-equal-height-column-flextable'>\n<style type=\"text\/css\" data-created_by=\"avia_inline_auto\" id=\"style-css-av-lvat8-73b29fe4cd8a6ca9d623080fbd966cf8\">\n.flex_column.av-lvat8-73b29fe4cd8a6ca9d623080fbd966cf8{\nwidth:49%;\nmargin-left:0;\n}\n#top .flex_column_table.av-equal-height-column-flextable.av-lvat8-73b29fe4cd8a6ca9d623080fbd966cf8 .av-flex-placeholder{\nwidth:2%;\n}\n<\/style>\n<div class='flex_column av-lvat8-73b29fe4cd8a6ca9d623080fbd966cf8 av_one_half  avia-builder-el-4  el_before_av_one_half  avia-builder-el-first  first flex_column_table_cell av-equal-height-column av-align-top '   ><style type=\"text\/css\" data-created_by=\"avia_inline_auto\" id=\"style-css-av-14dd7g-846978829dc751a17b47d226019b07cc\">\n.avia-image-container.av-14dd7g-846978829dc751a17b47d226019b07cc .av-image-caption-overlay-center{\ncolor:#ffffff;\n}\n<\/style>\n<div  class='avia-image-container av-14dd7g-846978829dc751a17b47d226019b07cc av-styling- avia-align-center  avia-builder-el-5  avia-builder-el-no-sibling '  itemprop=\"image\" itemscope=\"itemscope\" itemtype=\"https:\/\/schema.org\/ImageObject\" ><div class=\"avia-image-container-inner\"><div class=\"avia-image-overlay-wrap\"><a href=\"https:\/\/penalolen.dev-gdm.cl\/mascotas\/atencion-veterinaria\/\" class='avia_image' ><img decoding=\"async\" class='wp-image-290 avia-img-lazy-loading-not-290 avia_image' src=\"https:\/\/penalolen.dev-gdm.cl\/mascotas\/wp-content\/uploads\/2025\/12\/Atencion-veterinaria-gratuita.png\" alt='' title='Atenci\u00f3n Veterinaria Gratuita'  height=\"675\" width=\"900\"  itemprop=\"thumbnailUrl\" srcset=\"https:\/\/penalolen.dev-gdm.cl\/mascotas\/wp-content\/uploads\/2025\/12\/Atencion-veterinaria-gratuita.png 900w, https:\/\/penalolen.dev-gdm.cl\/mascotas\/wp-content\/uploads\/2025\/12\/Atencion-veterinaria-gratuita-300x225.png 300w, https:\/\/penalolen.dev-gdm.cl\/mascotas\/wp-content\/uploads\/2025\/12\/Atencion-veterinaria-gratuita-768x576.png 768w, https:\/\/penalolen.dev-gdm.cl\/mascotas\/wp-content\/uploads\/2025\/12\/Atencion-veterinaria-gratuita-705x529.png 705w\" sizes=\"(max-width: 900px) 100vw, 900px\" \/><\/a><\/div><\/div><\/div><\/div><div class='av-flex-placeholder'><\/div>\n<style type=\"text\/css\" data-created_by=\"avia_inline_auto\" id=\"style-css-av-sgl90-62670c9f6a9bfcadbdc9e59a719c8de5\">\n.flex_column.av-sgl90-62670c9f6a9bfcadbdc9e59a719c8de5{\nwidth:49%;\nmargin-left:0;\npadding:0 0 0 0;\n}\n#top .flex_column_table.av-equal-height-column-flextable.av-sgl90-62670c9f6a9bfcadbdc9e59a719c8de5 .av-flex-placeholder{\nwidth:2%;\n}\n<\/style>\n<div class='flex_column av-sgl90-62670c9f6a9bfcadbdc9e59a719c8de5 av_one_half  avia-builder-el-6  el_after_av_one_half  el_before_av_one_half  flex_column_table_cell av-equal-height-column av-align-top '   ><style type=\"text\/css\" data-created_by=\"avia_inline_auto\" id=\"style-css-av-np3n0-485d05568084f3b1a70a5d3eb8459380\">\n.avia-image-container.av-np3n0-485d05568084f3b1a70a5d3eb8459380 .av-image-caption-overlay-center{\ncolor:#ffffff;\n}\n<\/style>\n<div  class='avia-image-container av-np3n0-485d05568084f3b1a70a5d3eb8459380 av-styling- avia-align-center  avia-builder-el-7  avia-builder-el-no-sibling '  itemprop=\"image\" itemscope=\"itemscope\" itemtype=\"https:\/\/schema.org\/ImageObject\" ><div class=\"avia-image-container-inner\"><div class=\"avia-image-overlay-wrap\"><a href=\"https:\/\/penalolen.dev-gdm.cl\/mascotas\/esterilizacion\/\" class='avia_image' ><img decoding=\"async\" class='wp-image-292 avia-img-lazy-loading-not-292 avia_image' src=\"https:\/\/penalolen.dev-gdm.cl\/mascotas\/wp-content\/uploads\/2025\/12\/Esterilizacion-de-mascotas.png\" alt='' title='Esterilizacion de mascotas'  height=\"675\" width=\"900\"  itemprop=\"thumbnailUrl\" srcset=\"https:\/\/penalolen.dev-gdm.cl\/mascotas\/wp-content\/uploads\/2025\/12\/Esterilizacion-de-mascotas.png 900w, https:\/\/penalolen.dev-gdm.cl\/mascotas\/wp-content\/uploads\/2025\/12\/Esterilizacion-de-mascotas-300x225.png 300w, https:\/\/penalolen.dev-gdm.cl\/mascotas\/wp-content\/uploads\/2025\/12\/Esterilizacion-de-mascotas-768x576.png 768w, https:\/\/penalolen.dev-gdm.cl\/mascotas\/wp-content\/uploads\/2025\/12\/Esterilizacion-de-mascotas-705x529.png 705w\" sizes=\"(max-width: 900px) 100vw, 900px\" \/><\/a><\/div><\/div><\/div><\/div><\/div><!--close column table wrapper. Autoclose: 1 --><div class='flex_column_table av-1f0n0-71b4c43c7d868244297015fc5b692ea4 sc-av_one_half av-equal-height-column-flextable'>\n<style type=\"text\/css\" data-created_by=\"avia_inline_auto\" id=\"style-css-av-1f0n0-71b4c43c7d868244297015fc5b692ea4\">\n.flex_column.av-1f0n0-71b4c43c7d868244297015fc5b692ea4{\nwidth:49%;\nmargin-left:0;\n}\n#top .flex_column_table.av-equal-height-column-flextable.av-1f0n0-71b4c43c7d868244297015fc5b692ea4 .av-flex-placeholder{\nwidth:2%;\n}\n<\/style>\n<div class='flex_column av-1f0n0-71b4c43c7d868244297015fc5b692ea4 av_one_half  avia-builder-el-8  el_after_av_one_half  el_before_av_one_half  first flex_column_table_cell av-equal-height-column av-align-top column-top-margin'   ><style type=\"text\/css\" data-created_by=\"avia_inline_auto\" id=\"style-css-av-mj350acr-1a86fd7949fe28bc4bc9a5ace2379d73\">\n.avia-image-container.av-mj350acr-1a86fd7949fe28bc4bc9a5ace2379d73 .av-image-caption-overlay-center{\ncolor:#ffffff;\n}\n<\/style>\n<div  class='avia-image-container av-mj350acr-1a86fd7949fe28bc4bc9a5ace2379d73 av-styling- avia-align-center  avia-builder-el-9  avia-builder-el-no-sibling '  itemprop=\"image\" itemscope=\"itemscope\" itemtype=\"https:\/\/schema.org\/ImageObject\" ><div class=\"avia-image-container-inner\"><div class=\"avia-image-overlay-wrap\"><a href=\"https:\/\/penalolen.dev-gdm.cl\/mascotas\/valores\/\" class='avia_image' ><img decoding=\"async\" class='wp-image-293 avia-img-lazy-loading-not-293 avia_image' src=\"https:\/\/penalolen.dev-gdm.cl\/mascotas\/wp-content\/uploads\/2025\/12\/valores.png\" alt='' title='valores'  height=\"675\" width=\"900\"  itemprop=\"thumbnailUrl\" srcset=\"https:\/\/penalolen.dev-gdm.cl\/mascotas\/wp-content\/uploads\/2025\/12\/valores.png 900w, https:\/\/penalolen.dev-gdm.cl\/mascotas\/wp-content\/uploads\/2025\/12\/valores-300x225.png 300w, https:\/\/penalolen.dev-gdm.cl\/mascotas\/wp-content\/uploads\/2025\/12\/valores-768x576.png 768w, https:\/\/penalolen.dev-gdm.cl\/mascotas\/wp-content\/uploads\/2025\/12\/valores-705x529.png 705w\" sizes=\"(max-width: 900px) 100vw, 900px\" \/><\/a><\/div><\/div><\/div><\/div><div class='av-flex-placeholder'><\/div>\n<style type=\"text\/css\" data-created_by=\"avia_inline_auto\" id=\"style-css-av-9ixwc-2142b17f5873ac6df68b92719c08d300\">\n.flex_column.av-9ixwc-2142b17f5873ac6df68b92719c08d300{\nwidth:49%;\nmargin-left:0;\npadding:0 0 0 0;\n}\n#top .flex_column_table.av-equal-height-column-flextable.av-9ixwc-2142b17f5873ac6df68b92719c08d300 .av-flex-placeholder{\nwidth:2%;\n}\n<\/style>\n<div class='flex_column av-9ixwc-2142b17f5873ac6df68b92719c08d300 av_one_half  avia-builder-el-10  el_after_av_one_half  el_before_av_one_half  flex_column_table_cell av-equal-height-column av-align-top column-top-margin'   ><style type=\"text\/css\" data-created_by=\"avia_inline_auto\" id=\"style-css-av-mj350xve-bd738918aa38d4f77ee970b76a86477f\">\n.avia-image-container.av-mj350xve-bd738918aa38d4f77ee970b76a86477f .av-image-caption-overlay-center{\ncolor:#ffffff;\n}\n<\/style>\n<div  class='avia-image-container av-mj350xve-bd738918aa38d4f77ee970b76a86477f av-styling- avia-align-center  avia-builder-el-11  avia-builder-el-no-sibling '  itemprop=\"image\" itemscope=\"itemscope\" itemtype=\"https:\/\/schema.org\/ImageObject\" ><div class=\"avia-image-container-inner\"><div class=\"avia-image-overlay-wrap\"><a href=\"https:\/\/penalolen.dev-gdm.cl\/mascotas\/veterinario-en-tu-barrio\/\" class='avia_image' ><img decoding=\"async\" class='wp-image-294 avia-img-lazy-loading-not-294 avia_image' src=\"https:\/\/penalolen.dev-gdm.cl\/mascotas\/wp-content\/uploads\/2025\/12\/veterinario-en-tu-barrio.png\" alt='' title='veterinario en tu barrio'  height=\"675\" width=\"900\"  itemprop=\"thumbnailUrl\" srcset=\"https:\/\/penalolen.dev-gdm.cl\/mascotas\/wp-content\/uploads\/2025\/12\/veterinario-en-tu-barrio.png 900w, https:\/\/penalolen.dev-gdm.cl\/mascotas\/wp-content\/uploads\/2025\/12\/veterinario-en-tu-barrio-300x225.png 300w, https:\/\/penalolen.dev-gdm.cl\/mascotas\/wp-content\/uploads\/2025\/12\/veterinario-en-tu-barrio-768x576.png 768w, https:\/\/penalolen.dev-gdm.cl\/mascotas\/wp-content\/uploads\/2025\/12\/veterinario-en-tu-barrio-705x529.png 705w\" sizes=\"(max-width: 900px) 100vw, 900px\" \/><\/a><\/div><\/div><\/div><\/div><\/div><!--close column table wrapper. Autoclose: 1 --><div class='flex_column_table av-lwmng-6df30222d83897f4d21dd864d3aa916d sc-av_one_half av-equal-height-column-flextable'>\n<style type=\"text\/css\" data-created_by=\"avia_inline_auto\" id=\"style-css-av-lwmng-6df30222d83897f4d21dd864d3aa916d\">\n.flex_column.av-lwmng-6df30222d83897f4d21dd864d3aa916d{\nwidth:49%;\nmargin-left:0;\n}\n#top .flex_column_table.av-equal-height-column-flextable.av-lwmng-6df30222d83897f4d21dd864d3aa916d .av-flex-placeholder{\nwidth:2%;\n}\n<\/style>\n<div class='flex_column av-lwmng-6df30222d83897f4d21dd864d3aa916d av_one_half  avia-builder-el-12  el_after_av_one_half  el_before_av_one_half  first flex_column_table_cell av-equal-height-column av-align-top column-top-margin'   ><style type=\"text\/css\" data-created_by=\"avia_inline_auto\" id=\"style-css-av-mj355j1r-5436b9a76c723f0bec6044c42e3a9096\">\n.avia-image-container.av-mj355j1r-5436b9a76c723f0bec6044c42e3a9096 .av-image-caption-overlay-center{\ncolor:#ffffff;\n}\n<\/style>\n<div  class='avia-image-container av-mj355j1r-5436b9a76c723f0bec6044c42e3a9096 av-styling- avia-align-center  avia-builder-el-13  avia-builder-el-no-sibling '  itemprop=\"image\" itemscope=\"itemscope\" itemtype=\"https:\/\/schema.org\/ImageObject\" ><div class=\"avia-image-container-inner\"><div class=\"avia-image-overlay-wrap\"><a href=\"https:\/\/penalolen.dev-gdm.cl\/mascotas\/control-de-plagas\/\" class='avia_image' ><img decoding=\"async\" class='wp-image-297 avia-img-lazy-loading-not-297 avia_image' src=\"https:\/\/penalolen.dev-gdm.cl\/mascotas\/wp-content\/uploads\/2025\/12\/Contro-de-plagas.png\" alt='' title='Contro de plagas'  height=\"675\" width=\"900\"  itemprop=\"thumbnailUrl\" srcset=\"https:\/\/penalolen.dev-gdm.cl\/mascotas\/wp-content\/uploads\/2025\/12\/Contro-de-plagas.png 900w, https:\/\/penalolen.dev-gdm.cl\/mascotas\/wp-content\/uploads\/2025\/12\/Contro-de-plagas-300x225.png 300w, https:\/\/penalolen.dev-gdm.cl\/mascotas\/wp-content\/uploads\/2025\/12\/Contro-de-plagas-768x576.png 768w, https:\/\/penalolen.dev-gdm.cl\/mascotas\/wp-content\/uploads\/2025\/12\/Contro-de-plagas-705x529.png 705w\" sizes=\"(max-width: 900px) 100vw, 900px\" \/><\/a><\/div><\/div><\/div><\/div><div class='av-flex-placeholder'><\/div>\n<style type=\"text\/css\" data-created_by=\"avia_inline_auto\" id=\"style-css-av-gvn7w-37640d1ec47a41d869e87d2ba994e5fd\">\n.flex_column.av-gvn7w-37640d1ec47a41d869e87d2ba994e5fd{\nwidth:49%;\nmargin-left:0;\npadding:0 0 0 0;\n}\n#top .flex_column_table.av-equal-height-column-flextable.av-gvn7w-37640d1ec47a41d869e87d2ba994e5fd .av-flex-placeholder{\nwidth:2%;\n}\n<\/style>\n<div class='flex_column av-gvn7w-37640d1ec47a41d869e87d2ba994e5fd av_one_half  avia-builder-el-14  el_after_av_one_half  el_before_av_one_full  flex_column_table_cell av-equal-height-column av-align-top column-top-margin'   ><style type=\"text\/css\" data-created_by=\"avia_inline_auto\" id=\"style-css-av-mj3565oz-937c9b5940b775fc97f05553d68aa45a\">\n.avia-image-container.av-mj3565oz-937c9b5940b775fc97f05553d68aa45a .av-image-caption-overlay-center{\ncolor:#ffffff;\n}\n<\/style>\n<div  class='avia-image-container av-mj3565oz-937c9b5940b775fc97f05553d68aa45a av-styling- avia-align-center  avia-builder-el-15  avia-builder-el-no-sibling '  itemprop=\"image\" itemscope=\"itemscope\" itemtype=\"https:\/\/schema.org\/ImageObject\" ><div class=\"avia-image-container-inner\"><div class=\"avia-image-overlay-wrap\"><a href=\"https:\/\/penalolen.dev-gdm.cl\/mascotas\/denuncia-maltrato-animal\/\" class='avia_image' ><img decoding=\"async\" class='wp-image-298 avia-img-lazy-loading-not-298 avia_image' src=\"https:\/\/penalolen.dev-gdm.cl\/mascotas\/wp-content\/uploads\/2025\/12\/denuncia-maltrato-animal.png\" alt='' title='denuncia maltrato animal'  height=\"675\" width=\"900\"  itemprop=\"thumbnailUrl\" srcset=\"https:\/\/penalolen.dev-gdm.cl\/mascotas\/wp-content\/uploads\/2025\/12\/denuncia-maltrato-animal.png 900w, https:\/\/penalolen.dev-gdm.cl\/mascotas\/wp-content\/uploads\/2025\/12\/denuncia-maltrato-animal-300x225.png 300w, https:\/\/penalolen.dev-gdm.cl\/mascotas\/wp-content\/uploads\/2025\/12\/denuncia-maltrato-animal-768x576.png 768w, https:\/\/penalolen.dev-gdm.cl\/mascotas\/wp-content\/uploads\/2025\/12\/denuncia-maltrato-animal-705x529.png 705w\" sizes=\"(max-width: 900px) 100vw, 900px\" \/><\/a><\/div><\/div><\/div><\/div><\/div><!--close column table wrapper. Autoclose: 1 --><div class='flex_column_table av-8w8ro-f6793cb4b67502803f6bfd3366cf826a sc-av_one_full av-equal-height-column-flextable'>\n<style type=\"text\/css\" data-created_by=\"avia_inline_auto\" id=\"style-css-av-8w8ro-f6793cb4b67502803f6bfd3366cf826a\">\n.flex_column.av-8w8ro-f6793cb4b67502803f6bfd3366cf826a{\npadding:0 0 0 0;\n}\n<\/style>\n<div class='flex_column av-8w8ro-f6793cb4b67502803f6bfd3366cf826a av_one_full  avia-builder-el-16  el_after_av_one_half  avia-builder-el-last  first flex_column_table_cell av-equal-height-column av-align-top column-top-margin'   ><style type=\"text\/css\" data-created_by=\"avia_inline_auto\" id=\"style-css-av-mj35azv7-e14e367539d38071723182144edc5555\">\n.avia-image-container.av-mj35azv7-e14e367539d38071723182144edc5555 .av-image-caption-overlay-center{\ncolor:#ffffff;\n}\n<\/style>\n<div  class='avia-image-container av-mj35azv7-e14e367539d38071723182144edc5555 av-styling- avia-align-center  avia-builder-el-17  avia-builder-el-no-sibling '  itemprop=\"image\" itemscope=\"itemscope\" itemtype=\"https:\/\/schema.org\/ImageObject\" ><div class=\"avia-image-container-inner\"><div class=\"avia-image-overlay-wrap\"><a href=\"https:\/\/penalolen.dev-gdm.cl\/mascotas\/preguntas-frecuentes\/\" class='avia_image' ><img decoding=\"async\" class='wp-image-378 avia-img-lazy-loading-not-378 avia_image' src=\"https:\/\/penalolen.dev-gdm.cl\/mascotas\/wp-content\/uploads\/2025\/12\/FAQ-1210x423.png\" alt='' title='FAQ'  height=\"423\" width=\"1210\"  itemprop=\"thumbnailUrl\"  \/><\/a><\/div><\/div><\/div><\/div><\/div><!--close column table wrapper. Autoclose: 1 --><\/div><\/div><\/div><!-- close content main div --><\/div><\/div><div id='after_section_2'  class='main_color av_default_container_wrap container_wrap sidebar_right'  ><div class='container av-section-cont-open' ><div class='template-page content  av-content-small alpha units'><div class='post-entry post-entry-type-page post-entry-284'><div class='entry-content-wrapper clearfix'>\n<style type=\"text\/css\" data-created_by=\"avia_inline_auto\" id=\"style-css-av-lyblw-7c65ba38fa4948fa536845a719cf45ce\">\n#top .hr.hr-invisible.av-lyblw-7c65ba38fa4948fa536845a719cf45ce{\nheight:50px;\n}\n<\/style>\n<div  class='hr av-lyblw-7c65ba38fa4948fa536845a719cf45ce hr-invisible  avia-builder-el-18  el_after_av_section  avia-builder-el-no-sibling '><span class='hr-inner '><span class=\"hr-inner-style\"><\/span><\/span><\/div><\/p>\n","protected":false},"excerpt":{"rendered":"","protected":false},"author":1,"featured_media":0,"parent":0,"menu_order":0,"comment_status":"closed","ping_status":"closed","template":"","meta":{"footnotes":""},"class_list":["post-284","page","type-page","status-publish","hentry"],"_links":{"self":[{"href":"https:\/\/penalolen.dev-gdm.cl\/mascotas\/wp-json\/wp\/v2\/pages\/284","targetHints":{"allow":["GET"]}}],"collection":[{"href":"https:\/\/penalolen.dev-gdm.cl\/mascotas\/wp-json\/wp\/v2\/pages"}],"about":[{"href":"https:\/\/penalolen.dev-gdm.cl\/mascotas\/wp-json\/wp\/v2\/types\/page"}],"author":[{"embeddable":true,"href":"https:\/\/penalolen.dev-gdm.cl\/mascotas\/wp-json\/wp\/v2\/users\/1"}],"replies":[{"embeddable":true,"href":"https:\/\/penalolen.dev-gdm.cl\/mascotas\/wp-json\/wp\/v2\/comments?post=284"}],"version-history":[{"count":19,"href":"https:\/\/penalolen.dev-gdm.cl\/mascotas\/wp-json\/wp\/v2\/pages\/284\/revisions"}],"predecessor-version":[{"id":379,"href":"https:\/\/penalolen.dev-gdm.cl\/mascotas\/wp-json\/wp\/v2\/pages\/284\/revisions\/379"}],"wp:attachment":[{"href":"https:\/\/penalolen.dev-gdm.cl\/mascotas\/wp-json\/wp\/v2\/media?parent=284"}],"curies":[{"name":"wp","href":"https:\/\/api.w.org\/{rel}","templated":true}]}}