{"id":28,"date":"2022-03-24T03:58:10","date_gmt":"2022-03-24T03:58:10","guid":{"rendered":"https:\/\/penalolen.dev-gdm.cl\/mascotas\/?page_id=28"},"modified":"2026-01-06T04:46:30","modified_gmt":"2026-01-06T04:46:30","slug":"preguntas-frecuentes","status":"publish","type":"page","link":"https:\/\/penalolen.dev-gdm.cl\/mascotas\/preguntas-frecuentes\/","title":{"rendered":"Preguntas frecuentes"},"content":{"rendered":"\n<style type=\"text\/css\" data-created_by=\"avia_inline_auto\" id=\"style-css-av-12334-89551dda7c7e9d2c74065f40eac3b11f\">\n#top .hr.hr-invisible.av-12334-89551dda7c7e9d2c74065f40eac3b11f{\nheight:50px;\n}\n<\/style>\n<div  class='hr av-12334-89551dda7c7e9d2c74065f40eac3b11f hr-invisible  avia-builder-el-0  el_before_av_one_full  avia-builder-el-first '><span class='hr-inner '><span class=\"hr-inner-style\"><\/span><\/span><\/div>\n\n<style type=\"text\/css\" data-created_by=\"avia_inline_auto\" id=\"style-css-av-mj6n3qbd-0051047c420d5308f4ec4c5a823640c9\">\n.flex_column.av-mj6n3qbd-0051047c420d5308f4ec4c5a823640c9{\npadding:30px 30px 30px 30px;\n}\n<\/style>\n<div class='flex_column av-mj6n3qbd-0051047c420d5308f4ec4c5a823640c9 av_one_full  avia-builder-el-1  el_after_av_hr  el_before_av_hr  first flex_column_div '   ><style type=\"text\/css\" data-created_by=\"avia_inline_auto\" id=\"style-css-av-mj6n40f3-e1f3a5bf9fcae0536d92e499a8e4672f\">\n#top .av-special-heading.av-mj6n40f3-e1f3a5bf9fcae0536d92e499a8e4672f{\npadding-bottom:10px;\ncolor:#2b2b2b;\n}\nbody .av-special-heading.av-mj6n40f3-e1f3a5bf9fcae0536d92e499a8e4672f .av-special-heading-tag .heading-char{\nfont-size:25px;\n}\n.av-special-heading.av-mj6n40f3-e1f3a5bf9fcae0536d92e499a8e4672f .special-heading-inner-border{\nborder-color:#2b2b2b;\n}\n.av-special-heading.av-mj6n40f3-e1f3a5bf9fcae0536d92e499a8e4672f .av-subheading{\nfont-size:15px;\n}\n<\/style>\n<div  class='av-special-heading av-mj6n40f3-e1f3a5bf9fcae0536d92e499a8e4672f av-special-heading-h1 custom-color-heading blockquote elegant-quote elegant-centered  avia-builder-el-2  avia-builder-el-no-sibling '><h1 class='av-special-heading-tag'  itemprop=\"headline\"  ><span class=\"heading-wrap\">Preguntas frecuentes<\/span><\/h1><div class=\"special-heading-border\"><div class=\"special-heading-inner-border\"><\/div><\/div><\/div><\/div>\n\n<style type=\"text\/css\" data-created_by=\"avia_inline_auto\" id=\"style-css-av-mj6n4kz2-60f94dd30308d2db74ec08cbdcbd107c\">\n#top .hr.hr-invisible.av-mj6n4kz2-60f94dd30308d2db74ec08cbdcbd107c{\nheight:50px;\n}\n<\/style>\n<div  class='hr av-mj6n4kz2-60f94dd30308d2db74ec08cbdcbd107c hr-invisible  avia-builder-el-3  el_after_av_one_full  el_before_av_one_half '><span class='hr-inner '><span class=\"hr-inner-style\"><\/span><\/span><\/div>\n\n<style type=\"text\/css\" data-created_by=\"avia_inline_auto\" id=\"style-css-av-520kg-159295d480a6ab0fb27693914631b9b9\">\n.flex_column.av-520kg-159295d480a6ab0fb27693914631b9b9{\npadding:30px 30px 30px 30px;\n}\n<\/style>\n<div class='flex_column av-520kg-159295d480a6ab0fb27693914631b9b9 av_one_half  avia-builder-el-4  el_after_av_hr  avia-builder-el-last  sombra first flex_column_div '   ><p>\n<style type=\"text\/css\" data-created_by=\"avia_inline_auto\" id=\"style-css-av-5su2s-bde9cbddb360eac48abd2a56997dea38\">\n#top .av-special-heading.av-5su2s-bde9cbddb360eac48abd2a56997dea38{\npadding-bottom:10px;\ncolor:#2b2b2b;\n}\nbody .av-special-heading.av-5su2s-bde9cbddb360eac48abd2a56997dea38 .av-special-heading-tag .heading-char{\nfont-size:25px;\n}\n.av-special-heading.av-5su2s-bde9cbddb360eac48abd2a56997dea38 .special-heading-inner-border{\nborder-color:#2b2b2b;\n}\n.av-special-heading.av-5su2s-bde9cbddb360eac48abd2a56997dea38 .av-subheading{\nfont-size:15px;\n}\n<\/style>\n<div  class='av-special-heading av-5su2s-bde9cbddb360eac48abd2a56997dea38 av-special-heading-h2 custom-color-heading blockquote modern-quote  avia-builder-el-5  el_before_av_toggle_container  avia-builder-el-first '><h2 class='av-special-heading-tag'  itemprop=\"headline\"  >Preguntas frecuentes<\/h2><div class=\"special-heading-border\"><div class=\"special-heading-inner-border\"><\/div><\/div><\/div><br \/>\n<div  class='togglecontainer av-mk23xfvo-e825c195f38b259cdfc09936defd2b4c  avia-builder-el-6  el_after_av_heading  avia-builder-el-last  toggle_close_all'  itemscope=\"itemscope\" itemtype=\"https:\/\/schema.org\/FAQPage\" >\n<section class='av_toggle_section av-av_toggle-34f237753d1fa140e6ffd35688be5a04'  itemscope=\"itemscope\" itemprop=\"mainEntity\" itemtype=\"https:\/\/schema.org\/Question\" ><div role=\"tablist\" class=\"single_toggle\" data-tags=\"{Todo} \"  ><p data-fake-id='#toggle-id-1' class='toggler   '  itemprop=\"name\"  role='tab' tabindex='0' aria-controls='toggle-id-1'>\u00bfQu\u00e9 es la Tenencia Responsable de Mascotas?<span class=\"toggle_icon\"><span class=\"vert_icon\"><\/span><span class=\"hor_icon\"><\/span><\/span><\/p><div id='toggle-id-1' class='toggle_wrap  '   itemscope=\"itemscope\" itemprop=\"acceptedAnswer\" itemtype=\"https:\/\/schema.org\/Answer\" ><div class='toggle_content invers-color '  itemprop=\"text\" ><p>Conjunto de obligaciones que contrae una persona cuando decide aceptar y mantener\u00a0 una mascota o animal de compa\u00f1\u00eda, y consiste en registrarlo ante la autoridad competente, alimentarlo, albergarlo, brindarle cuidados veterinarios, indispensable para su bienestar y no someterlo a sufrimiento a lo largo de su vida, entre otros (Art. N\u00b02, Ley 21.020).<\/p>\n<\/div><\/div><\/div><\/section>\n<section class='av_toggle_section av-av_toggle-1bc30e84cd93e728e17e764f4de6aa52'  itemscope=\"itemscope\" itemprop=\"mainEntity\" itemtype=\"https:\/\/schema.org\/Question\" ><div role=\"tablist\" class=\"single_toggle\" data-tags=\"{Todo} \"  ><p data-fake-id='#toggle-id-2' class='toggler   '  itemprop=\"name\"  role='tab' tabindex='0' aria-controls='toggle-id-2'>\u00bfQui\u00e9n es un tenedor responsable de una mascota?<span class=\"toggle_icon\"><span class=\"vert_icon\"><\/span><span class=\"hor_icon\"><\/span><\/span><\/p><div id='toggle-id-2' class='toggle_wrap  '   itemscope=\"itemscope\" itemprop=\"acceptedAnswer\" itemtype=\"https:\/\/schema.org\/Answer\" ><div class='toggle_content invers-color '  itemprop=\"text\" ><p>Es el due\u00f1o, poseedor o aquella persona natural o jur\u00eddica que asume la tenencia responsable y quien reiteradamente, alimenta, alberga y utiliza para fines de compa\u00f1\u00eda, trabajo, vigilancia u otros.<\/p>\n<\/div><\/div><\/div><\/section>\n<section class='av_toggle_section av-mk23x70q-35ff3ea49185d6fa29ab3c6588b7bc15'  itemscope=\"itemscope\" itemprop=\"mainEntity\" itemtype=\"https:\/\/schema.org\/Question\" ><div role=\"tablist\" class=\"single_toggle\" data-tags=\"{Todo} \"  ><p data-fake-id='#toggle-id-3' class='toggler   '  itemprop=\"name\"  role='tab' tabindex='0' aria-controls='toggle-id-3'>\u00bfQu\u00e9 es el microchip?<span class=\"toggle_icon\"><span class=\"vert_icon\"><\/span><span class=\"hor_icon\"><\/span><\/span><\/p><div id='toggle-id-3' class='toggle_wrap  '   itemscope=\"itemscope\" itemprop=\"acceptedAnswer\" itemtype=\"https:\/\/schema.org\/Answer\" ><div class='toggle_content invers-color '  itemprop=\"text\" ><p>Es un dispositivo electr\u00f3nico que identificar\u00e1 a tu perro y le dar\u00e1 un n\u00famero \u00fanico de registro. NO es un GPS, pero le entregar\u00e1 identidad a tu mascota, esto permite establecer propiedad sobre un animal perdido o robado.<\/p>\n<p>Es del tama\u00f1o de un grano de arroz y su implantaci\u00f3n es subcut\u00e1nea, ya que aprovecharemos la anestesia general de la esterilizaci\u00f3n. Tampoco causar\u00e1 alteraci\u00f3n en su salud.<\/p>\n<\/div><\/div><\/div><\/section>\n<section class='av_toggle_section av-av_toggle-85691d251eeec3418d1093bea61effd1'  itemscope=\"itemscope\" itemprop=\"mainEntity\" itemtype=\"https:\/\/schema.org\/Question\" ><div role=\"tablist\" class=\"single_toggle\" data-tags=\"{Todo} \"  ><p data-fake-id='#toggle-id-4' class='toggler   '  itemprop=\"name\"  role='tab' tabindex='0' aria-controls='toggle-id-4'>\u00bfQu\u00e9 es maltrato o crueldad?<span class=\"toggle_icon\"><span class=\"vert_icon\"><\/span><span class=\"hor_icon\"><\/span><\/span><\/p><div id='toggle-id-4' class='toggle_wrap  '   itemscope=\"itemscope\" itemprop=\"acceptedAnswer\" itemtype=\"https:\/\/schema.org\/Answer\" ><div class='toggle_content invers-color '  itemprop=\"text\" ><p>Es cualquier acci\u00f3n u omisi\u00f3n, ocasional o reiterada que le cause da\u00f1o, dolor o sufrimiento a un animal. Estos hechos podr\u00e1n ser sancionados con multa y presidio, adem\u00e1s de la inhabilidad absoluta y perpetua para la tenencia de cualquier tipo de animales.<\/p>\n<\/div><\/div><\/div><\/section>\n<section class='av_toggle_section av-av_toggle-3f116e92d2a273eb3af1fea85df9d711'  itemscope=\"itemscope\" itemprop=\"mainEntity\" itemtype=\"https:\/\/schema.org\/Question\" ><div role=\"tablist\" class=\"single_toggle\" data-tags=\"{Todo} \"  ><p data-fake-id='#toggle-id-5' class='toggler   '  itemprop=\"name\"  role='tab' tabindex='0' aria-controls='toggle-id-5'>\u00bfQu\u00e9 pasa si se abandona a un animal de compa\u00f1\u00eda?<span class=\"toggle_icon\"><span class=\"vert_icon\"><\/span><span class=\"hor_icon\"><\/span><\/span><\/p><div id='toggle-id-5' class='toggle_wrap  '   itemscope=\"itemscope\" itemprop=\"acceptedAnswer\" itemtype=\"https:\/\/schema.org\/Answer\" ><div class='toggle_content invers-color '  itemprop=\"text\" ><p>La ley considera el abandono como un acto de maltrato o crueldad animal, es decir toda acci\u00f3n u omisi\u00f3n, ocasional o reiterada que injustificadamente cause da\u00f1o, dolor o sufrimiento al animal. Por lo tanto, si una entidad fiscalizadora constata un hecho de este tipo, una persona podr\u00eda recibir como pena presidio y multa, adem\u00e1s de inhabilidad absoluta y perpetua para la tenencia de cualquier tipo de animales.<\/p>\n<\/div><\/div><\/div><\/section>\n<\/div><\/p><\/div>\n","protected":false},"excerpt":{"rendered":"","protected":false},"author":1,"featured_media":0,"parent":0,"menu_order":0,"comment_status":"closed","ping_status":"closed","template":"","meta":{"footnotes":""},"class_list":["post-28","page","type-page","status-publish","hentry"],"_links":{"self":[{"href":"https:\/\/penalolen.dev-gdm.cl\/mascotas\/wp-json\/wp\/v2\/pages\/28","targetHints":{"allow":["GET"]}}],"collection":[{"href":"https:\/\/penalolen.dev-gdm.cl\/mascotas\/wp-json\/wp\/v2\/pages"}],"about":[{"href":"https:\/\/penalolen.dev-gdm.cl\/mascotas\/wp-json\/wp\/v2\/types\/page"}],"author":[{"embeddable":true,"href":"https:\/\/penalolen.dev-gdm.cl\/mascotas\/wp-json\/wp\/v2\/users\/1"}],"replies":[{"embeddable":true,"href":"https:\/\/penalolen.dev-gdm.cl\/mascotas\/wp-json\/wp\/v2\/comments?post=28"}],"version-history":[{"count":19,"href":"https:\/\/penalolen.dev-gdm.cl\/mascotas\/wp-json\/wp\/v2\/pages\/28\/revisions"}],"predecessor-version":[{"id":390,"href":"https:\/\/penalolen.dev-gdm.cl\/mascotas\/wp-json\/wp\/v2\/pages\/28\/revisions\/390"}],"wp:attachment":[{"href":"https:\/\/penalolen.dev-gdm.cl\/mascotas\/wp-json\/wp\/v2\/media?parent=28"}],"curies":[{"name":"wp","href":"https:\/\/api.w.org\/{rel}","templated":true}]}}