{"id":22,"date":"2022-03-24T03:56:51","date_gmt":"2022-03-24T03:56:51","guid":{"rendered":"https:\/\/penalolen.dev-gdm.cl\/mascotas\/?page_id=22"},"modified":"2025-12-15T04:23:56","modified_gmt":"2025-12-15T04:23:56","slug":"quienes-somos","status":"publish","type":"page","link":"https:\/\/penalolen.dev-gdm.cl\/mascotas\/quienes-somos\/","title":{"rendered":"Qui\u00e9nes somos"},"content":{"rendered":"\n<style type=\"text\/css\" data-created_by=\"avia_inline_auto\" id=\"style-css-av-3f0e-bc8ada36084105b8b61d44c18fc0afd6\">\n#top .hr.hr-invisible.av-3f0e-bc8ada36084105b8b61d44c18fc0afd6{\nheight:50px;\n}\n<\/style>\n<div  class='hr av-3f0e-bc8ada36084105b8b61d44c18fc0afd6 hr-invisible  avia-builder-el-0  el_before_av_one_full  avia-builder-el-first '><span class='hr-inner '><span class=\"hr-inner-style\"><\/span><\/span><\/div>\n\n<style type=\"text\/css\" data-created_by=\"avia_inline_auto\" id=\"style-css-av-2mq1q-b10c063f2464059fe3dcb1003a459bc3\">\n.flex_column.av-2mq1q-b10c063f2464059fe3dcb1003a459bc3{\npadding:30px 30px 30px 30px;\n}\n<\/style>\n<div class='flex_column av-2mq1q-b10c063f2464059fe3dcb1003a459bc3 av_one_full  avia-builder-el-1  el_after_av_hr  el_before_av_hr  first flex_column_div '   ><style type=\"text\/css\" data-created_by=\"avia_inline_auto\" id=\"style-css-av-mj6maqlk-f73502fef6a2533ff0daa8f6c9cb7526\">\n#top .av-special-heading.av-mj6maqlk-f73502fef6a2533ff0daa8f6c9cb7526{\npadding-bottom:10px;\n}\nbody .av-special-heading.av-mj6maqlk-f73502fef6a2533ff0daa8f6c9cb7526 .av-special-heading-tag .heading-char{\nfont-size:25px;\n}\n.av-special-heading.av-mj6maqlk-f73502fef6a2533ff0daa8f6c9cb7526 .av-subheading{\nfont-size:15px;\n}\n<\/style>\n<div  class='av-special-heading av-mj6maqlk-f73502fef6a2533ff0daa8f6c9cb7526 av-special-heading-h1 blockquote elegant-quote elegant-centered  avia-builder-el-2  avia-builder-el-no-sibling '><h1 class='av-special-heading-tag'  itemprop=\"headline\"  ><span class=\"heading-wrap\">Qui\u00e9nes Somos<\/span><\/h1><div class=\"special-heading-border\"><div class=\"special-heading-inner-border\"><\/div><\/div><\/div><\/div>\n\n<style type=\"text\/css\" data-created_by=\"avia_inline_auto\" id=\"style-css-av-1k0u6-1ec4ec0cf31a11cc7a22257f44d4484e\">\n#top .hr.hr-invisible.av-1k0u6-1ec4ec0cf31a11cc7a22257f44d4484e{\nheight:30px;\n}\n<\/style>\n<div  class='hr av-1k0u6-1ec4ec0cf31a11cc7a22257f44d4484e hr-invisible  avia-builder-el-3  el_after_av_one_full  el_before_av_one_full '><span class='hr-inner '><span class=\"hr-inner-style\"><\/span><\/span><\/div>\n\n<style type=\"text\/css\" data-created_by=\"avia_inline_auto\" id=\"style-css-av-2r2ga-6bd7f7f284776fc5f2c678b33e77bb70\">\n.flex_column.av-2r2ga-6bd7f7f284776fc5f2c678b33e77bb70{\npadding:30px 30px 30px 30px;\n}\n<\/style>\n<div class='flex_column av-2r2ga-6bd7f7f284776fc5f2c678b33e77bb70 av_one_full  avia-builder-el-4  el_after_av_hr  el_before_av_section  avia-builder-el-last  sombra first flex_column_div '   ><p>\n<style type=\"text\/css\" data-created_by=\"avia_inline_auto\" id=\"style-css-av-21vte-5333564d97d2f9a5a5a757f1c666dbc7\">\n#top .av-special-heading.av-21vte-5333564d97d2f9a5a5a757f1c666dbc7{\npadding-bottom:10px;\n}\nbody .av-special-heading.av-21vte-5333564d97d2f9a5a5a757f1c666dbc7 .av-special-heading-tag .heading-char{\nfont-size:25px;\n}\n.av-special-heading.av-21vte-5333564d97d2f9a5a5a757f1c666dbc7 .av-subheading{\nfont-size:15px;\n}\n<\/style>\n<div  class='av-special-heading av-21vte-5333564d97d2f9a5a5a757f1c666dbc7 av-special-heading-h3  avia-builder-el-5  el_before_av_textblock  avia-builder-el-first '><h3 class='av-special-heading-tag'  itemprop=\"headline\"  >Nuestro Departamento de Zoonosis e Higiene Ambiental<\/h3><div class=\"special-heading-border\"><div class=\"special-heading-inner-border\"><\/div><\/div><\/div><br \/>\n<section  class='av_textblock_section av-4r2y-f4626617d564fc991b67296c3d838e8e'  itemscope=\"itemscope\" itemtype=\"https:\/\/schema.org\/CreativeWork\" ><div class='avia_textblock'  itemprop=\"text\" ><p>Nace desde los inicios de la Municipalidad de Pe\u00f1alol\u00e9n (1984), conformado con un equipo peque\u00f1o de personas, cuya visi\u00f3n se concentraba en mantener la salud p\u00fablica de la comunidad.<\/p>\n<\/div><\/section><br \/>\n<section  class='av_textblock_section av-swu2-fca6419db85556301df0d8626a0bfd50'  itemscope=\"itemscope\" itemtype=\"https:\/\/schema.org\/CreativeWork\" ><div class='avia_textblock'  itemprop=\"text\" ><p>Actualmente, somos un equipo en crecimiento, que adem\u00e1s de realizar control de plagas en la comuna, hemos fortalecido la salud y bienestar de nuestras mascotas, creando conciencia e incentivando a adquirir m\u00e1s conocimientos de tenencia responsable de mascotas a sus due\u00f1os, realizando atenci\u00f3n veterinaria primaria y gratuita en distintos puntos de la comuna, educando en Tenencia Responsable tanto a la comunidad escolar como juntas de vecinos, facilitando la esterilizaci\u00f3n de mascotas a bajo costo o gratuita, fiscalizando el incumplimiento de nuestra Ordenanza de Tenencia Responsable de mascotas, realizando actividades educativas y de fomento en adopci\u00f3n de mascotas, desarrollando medios digitales para el fomento y educaci\u00f3n en TRM, entre otros, y de esta manera, proteger la salud de las personas, de las mascotas y del medio ambiente.<\/p>\n<p>Nuestro objetivo principal es contribuir al mejoramiento de la calidad de vida de los vecinos de Pe\u00f1alol\u00e9n, creando conciencia e incentivando a adquirir m\u00e1s conocimientos de tenencia responsable de mascotas, con el fin de mejorar el bienestar animal y la salud p\u00fablica de nuestra comuna, apoyados en la Ordenanza Municipal y la Ley 21.020, junto a sus reglamentos.<\/p>\n<p>Contamos con un gran equipo de profesionales, t\u00e9cnicos, administrativos y auxiliares que realizan un extenso trabajo para llevar los servicios a toda la comuna, en post de mejorar la salud y calidad de vida tanto de las mascotas, sus due\u00f1os y la vida silvestre.<\/p>\n<\/div><\/section><\/p><\/div>\n<\/div><\/div><\/div><!-- close content main div --><\/div><\/div><div id='av_section_1'  class='avia-section av-10vsm-7ddb2112c758a1f6ce0b0a9cc75701ae main_color avia-section-large avia-no-border-styling  avia-builder-el-8  el_after_av_one_full  avia-builder-el-last  avia-bg-style-scroll container_wrap sidebar_right'  ><div class='container av-section-cont-open' ><div class='template-page content  av-content-small alpha units'><div class='post-entry post-entry-type-page post-entry-22'><div class='entry-content-wrapper clearfix'>\n<div class='flex_column av-4xbky-2ed4f62149c64dab4f7c292260203e5c av_one_full  avia-builder-el-9  el_before_av_one_fourth  avia-builder-el-first  first flex_column_div '   ><p>\n<style type=\"text\/css\" data-created_by=\"avia_inline_auto\" id=\"style-css-av-l1m1z3k4-3ca50a7ba901f147c9d8d7dfe7cf20d1\">\n#top .av-special-heading.av-l1m1z3k4-3ca50a7ba901f147c9d8d7dfe7cf20d1{\npadding-bottom:10px;\ncolor:#2b2b2b;\n}\nbody .av-special-heading.av-l1m1z3k4-3ca50a7ba901f147c9d8d7dfe7cf20d1 .av-special-heading-tag .heading-char{\nfont-size:25px;\n}\n.av-special-heading.av-l1m1z3k4-3ca50a7ba901f147c9d8d7dfe7cf20d1 .special-heading-inner-border{\nborder-color:#2b2b2b;\n}\n.av-special-heading.av-l1m1z3k4-3ca50a7ba901f147c9d8d7dfe7cf20d1 .av-subheading{\nfont-size:15px;\n}\n<\/style>\n<div  class='av-special-heading av-l1m1z3k4-3ca50a7ba901f147c9d8d7dfe7cf20d1 av-special-heading-h3 custom-color-heading blockquote modern-quote  avia-builder-el-10  el_before_av_hr  avia-builder-el-first  av-thin-font'><h3 class='av-special-heading-tag'  itemprop=\"headline\"  ><strong>Conozca a nuestro equipo<\/strong> de verdaderos amantes de las mascotas<\/h3><div class=\"special-heading-border\"><div class=\"special-heading-inner-border\"><\/div><\/div><\/div><br \/>\n\n<style type=\"text\/css\" data-created_by=\"avia_inline_auto\" id=\"style-css-av-3wooe-83601bb971d4bc7960edea1f284f2c17\">\n#top .hr.hr-invisible.av-3wooe-83601bb971d4bc7960edea1f284f2c17{\nheight:30px;\n}\n<\/style>\n<div  class='hr av-3wooe-83601bb971d4bc7960edea1f284f2c17 hr-invisible  avia-builder-el-11  el_after_av_heading  el_before_av_textblock '><span class='hr-inner '><span class=\"hr-inner-style\"><\/span><\/span><\/div><br \/>\n<section  class='av_textblock_section av-17m2-48239e3085f44c31fb5b3772b19323db'  itemscope=\"itemscope\" itemtype=\"https:\/\/schema.org\/CreativeWork\" ><div class='avia_textblock'  itemprop=\"text\" ><p>Nuestro Departamento de Zoonosis e Higiene Ambiental, nace desde los inicios de la Municipalidad de Pe\u00f1alol\u00e9n (1984), conformado con un equipo peque\u00f1o de personas, cuya visi\u00f3n se concentraba en mantener la salud p\u00fablica de la comunidad.<\/p>\n<\/div><\/section><\/p><\/div><div class='flex_column_table av-kpxe-7c8aca12251ed5903a496d7962f0ff9b sc-av_one_fourth av-equal-height-column-flextable'>\n<style type=\"text\/css\" data-created_by=\"avia_inline_auto\" id=\"style-css-av-kpxe-7c8aca12251ed5903a496d7962f0ff9b\">\n.flex_column.av-kpxe-7c8aca12251ed5903a496d7962f0ff9b{\nwidth:23.5%;\nmargin-left:0;\n}\n#top .flex_column_table.av-equal-height-column-flextable.av-kpxe-7c8aca12251ed5903a496d7962f0ff9b .av-flex-placeholder{\nwidth:2%;\n}\n<\/style>\n<div class='flex_column av-kpxe-7c8aca12251ed5903a496d7962f0ff9b av_one_fourth  avia-builder-el-13  el_after_av_one_full  el_before_av_one_fourth  sombra first flex_column_table_cell av-equal-height-column av-align-top column-top-margin'   ><p>\n<style type=\"text\/css\" data-created_by=\"avia_inline_auto\" id=\"style-css-av-l1m22s86-797a05c0f6159e926c74d681af562656\">\n.avia-image-container.av-l1m22s86-797a05c0f6159e926c74d681af562656 .av-image-caption-overlay-center{\ncolor:#ffffff;\n}\n<\/style>\n<div  class='avia-image-container av-l1m22s86-797a05c0f6159e926c74d681af562656 av-styling- avia-align-center  avia-builder-el-14  el_before_av_heading  avia-builder-el-first '  itemprop=\"image\" itemscope=\"itemscope\" itemtype=\"https:\/\/schema.org\/ImageObject\" ><div class=\"avia-image-container-inner\"><div class=\"avia-image-overlay-wrap\"><img decoding=\"async\" class='wp-image-187 avia-img-lazy-loading-not-187 avia_image' src=\"https:\/\/penalolen.dev-gdm.cl\/mascotas\/wp-content\/uploads\/2022\/04\/team_03.png\" alt='' title='team_03'  height=\"300\" width=\"300\"  itemprop=\"thumbnailUrl\" srcset=\"https:\/\/penalolen.dev-gdm.cl\/mascotas\/wp-content\/uploads\/2022\/04\/team_03.png 300w, https:\/\/penalolen.dev-gdm.cl\/mascotas\/wp-content\/uploads\/2022\/04\/team_03-80x80.png 80w, https:\/\/penalolen.dev-gdm.cl\/mascotas\/wp-content\/uploads\/2022\/04\/team_03-36x36.png 36w, https:\/\/penalolen.dev-gdm.cl\/mascotas\/wp-content\/uploads\/2022\/04\/team_03-180x180.png 180w\" sizes=\"(max-width: 300px) 100vw, 300px\" \/><\/div><\/div><\/div><br \/>\n\n<style type=\"text\/css\" data-created_by=\"avia_inline_auto\" id=\"style-css-av-55raa-407be16fc530993abb4a0a3de29e93d0\">\n#top .av-special-heading.av-55raa-407be16fc530993abb4a0a3de29e93d0{\npadding-bottom:10px;\n}\nbody .av-special-heading.av-55raa-407be16fc530993abb4a0a3de29e93d0 .av-special-heading-tag .heading-char{\nfont-size:25px;\n}\n.av-special-heading.av-55raa-407be16fc530993abb4a0a3de29e93d0 .av-subheading{\nfont-size:15px;\n}\n<\/style>\n<div  class='av-special-heading av-55raa-407be16fc530993abb4a0a3de29e93d0 av-special-heading-h3 blockquote modern-quote modern-centered  avia-builder-el-15  el_after_av_image  avia-builder-el-last '><h3 class='av-special-heading-tag'  itemprop=\"headline\"  >Nombre persona<\/h3><div class='av-subheading av-subheading_below'><p>Veterinario<\/p>\n<\/div><div class=\"special-heading-border\"><div class=\"special-heading-inner-border\"><\/div><\/div><\/div><\/p><\/div><div class='av-flex-placeholder'><\/div>\n<style type=\"text\/css\" data-created_by=\"avia_inline_auto\" id=\"style-css-av-4jd1a-fead9bed78c3d34b7388edf2907800a7\">\n.flex_column.av-4jd1a-fead9bed78c3d34b7388edf2907800a7{\nwidth:23.5%;\nmargin-left:0;\n}\n#top .flex_column_table.av-equal-height-column-flextable.av-4jd1a-fead9bed78c3d34b7388edf2907800a7 .av-flex-placeholder{\nwidth:2%;\n}\n<\/style>\n<div class='flex_column av-4jd1a-fead9bed78c3d34b7388edf2907800a7 av_one_fourth  avia-builder-el-16  el_after_av_one_fourth  el_before_av_one_fourth  sombra flex_column_table_cell av-equal-height-column av-align-top column-top-margin'   ><p>\n<style type=\"text\/css\" data-created_by=\"avia_inline_auto\" id=\"style-css-av-3yeva-87889ee2195e7d4de0aecdf29dcddee2\">\n.avia-image-container.av-3yeva-87889ee2195e7d4de0aecdf29dcddee2 .av-image-caption-overlay-center{\ncolor:#ffffff;\n}\n<\/style>\n<div  class='avia-image-container av-3yeva-87889ee2195e7d4de0aecdf29dcddee2 av-styling- avia-align-center  avia-builder-el-17  el_before_av_heading  avia-builder-el-first '  itemprop=\"image\" itemscope=\"itemscope\" itemtype=\"https:\/\/schema.org\/ImageObject\" ><div class=\"avia-image-container-inner\"><div class=\"avia-image-overlay-wrap\"><img decoding=\"async\" class='wp-image-188 avia-img-lazy-loading-not-188 avia_image' src=\"https:\/\/penalolen.dev-gdm.cl\/mascotas\/wp-content\/uploads\/2022\/04\/team_02.png\" alt='' title='team_02'  height=\"300\" width=\"300\"  itemprop=\"thumbnailUrl\" srcset=\"https:\/\/penalolen.dev-gdm.cl\/mascotas\/wp-content\/uploads\/2022\/04\/team_02.png 300w, https:\/\/penalolen.dev-gdm.cl\/mascotas\/wp-content\/uploads\/2022\/04\/team_02-80x80.png 80w, https:\/\/penalolen.dev-gdm.cl\/mascotas\/wp-content\/uploads\/2022\/04\/team_02-36x36.png 36w, https:\/\/penalolen.dev-gdm.cl\/mascotas\/wp-content\/uploads\/2022\/04\/team_02-180x180.png 180w\" sizes=\"(max-width: 300px) 100vw, 300px\" \/><\/div><\/div><\/div><br \/>\n\n<style type=\"text\/css\" data-created_by=\"avia_inline_auto\" id=\"style-css-av-3amb6-d2cce4bfca642897936df8c84b64798d\">\n#top .av-special-heading.av-3amb6-d2cce4bfca642897936df8c84b64798d{\npadding-bottom:10px;\n}\nbody .av-special-heading.av-3amb6-d2cce4bfca642897936df8c84b64798d .av-special-heading-tag .heading-char{\nfont-size:25px;\n}\n.av-special-heading.av-3amb6-d2cce4bfca642897936df8c84b64798d .av-subheading{\nfont-size:15px;\n}\n<\/style>\n<div  class='av-special-heading av-3amb6-d2cce4bfca642897936df8c84b64798d av-special-heading-h3 blockquote modern-quote modern-centered  avia-builder-el-18  el_after_av_image  avia-builder-el-last '><h3 class='av-special-heading-tag'  itemprop=\"headline\"  >Nombre persona<\/h3><div class='av-subheading av-subheading_below'><p>Veterinario<\/p>\n<\/div><div class=\"special-heading-border\"><div class=\"special-heading-inner-border\"><\/div><\/div><\/div><\/p><\/div><div class='av-flex-placeholder'><\/div>\n<style type=\"text\/css\" data-created_by=\"avia_inline_auto\" id=\"style-css-av-2n5ei-c70983f4d9a53e2bcca2a651d11bbe05\">\n.flex_column.av-2n5ei-c70983f4d9a53e2bcca2a651d11bbe05{\nwidth:23.5%;\nmargin-left:0;\n}\n#top .flex_column_table.av-equal-height-column-flextable.av-2n5ei-c70983f4d9a53e2bcca2a651d11bbe05 .av-flex-placeholder{\nwidth:2%;\n}\n<\/style>\n<div class='flex_column av-2n5ei-c70983f4d9a53e2bcca2a651d11bbe05 av_one_fourth  avia-builder-el-19  el_after_av_one_fourth  el_before_av_one_fourth  sombra flex_column_table_cell av-equal-height-column av-align-top column-top-margin'   ><p>\n<style type=\"text\/css\" data-created_by=\"avia_inline_auto\" id=\"style-css-av-1v9gu-11bb6d28e148f3a1aee1773e116398de\">\n.avia-image-container.av-1v9gu-11bb6d28e148f3a1aee1773e116398de .av-image-caption-overlay-center{\ncolor:#ffffff;\n}\n<\/style>\n<div  class='avia-image-container av-1v9gu-11bb6d28e148f3a1aee1773e116398de av-styling- avia-align-center  avia-builder-el-20  el_before_av_heading  avia-builder-el-first '  itemprop=\"image\" itemscope=\"itemscope\" itemtype=\"https:\/\/schema.org\/ImageObject\" ><div class=\"avia-image-container-inner\"><div class=\"avia-image-overlay-wrap\"><img decoding=\"async\" class='wp-image-187 avia-img-lazy-loading-not-187 avia_image' src=\"https:\/\/penalolen.dev-gdm.cl\/mascotas\/wp-content\/uploads\/2022\/04\/team_03.png\" alt='' title='team_03'  height=\"300\" width=\"300\"  itemprop=\"thumbnailUrl\" srcset=\"https:\/\/penalolen.dev-gdm.cl\/mascotas\/wp-content\/uploads\/2022\/04\/team_03.png 300w, https:\/\/penalolen.dev-gdm.cl\/mascotas\/wp-content\/uploads\/2022\/04\/team_03-80x80.png 80w, https:\/\/penalolen.dev-gdm.cl\/mascotas\/wp-content\/uploads\/2022\/04\/team_03-36x36.png 36w, https:\/\/penalolen.dev-gdm.cl\/mascotas\/wp-content\/uploads\/2022\/04\/team_03-180x180.png 180w\" sizes=\"(max-width: 300px) 100vw, 300px\" \/><\/div><\/div><\/div><br \/>\n\n<style type=\"text\/css\" data-created_by=\"avia_inline_auto\" id=\"style-css-av-1jl3i-e305527a5738900538dda9e2bb57ee23\">\n#top .av-special-heading.av-1jl3i-e305527a5738900538dda9e2bb57ee23{\npadding-bottom:10px;\n}\nbody .av-special-heading.av-1jl3i-e305527a5738900538dda9e2bb57ee23 .av-special-heading-tag .heading-char{\nfont-size:25px;\n}\n.av-special-heading.av-1jl3i-e305527a5738900538dda9e2bb57ee23 .av-subheading{\nfont-size:15px;\n}\n<\/style>\n<div  class='av-special-heading av-1jl3i-e305527a5738900538dda9e2bb57ee23 av-special-heading-h3 blockquote modern-quote modern-centered  avia-builder-el-21  el_after_av_image  avia-builder-el-last '><h3 class='av-special-heading-tag'  itemprop=\"headline\"  >Nombre persona<\/h3><div class='av-subheading av-subheading_below'><p>Veterinario<\/p>\n<\/div><div class=\"special-heading-border\"><div class=\"special-heading-inner-border\"><\/div><\/div><\/div><\/p><\/div><div class='av-flex-placeholder'><\/div>\n<style type=\"text\/css\" data-created_by=\"avia_inline_auto\" id=\"style-css-av-148uy-1f49e01e3dde5f3c098f3ca7dbfd040f\">\n.flex_column.av-148uy-1f49e01e3dde5f3c098f3ca7dbfd040f{\nwidth:23.5%;\nmargin-left:0;\n}\n#top .flex_column_table.av-equal-height-column-flextable.av-148uy-1f49e01e3dde5f3c098f3ca7dbfd040f .av-flex-placeholder{\nwidth:2%;\n}\n<\/style>\n<div class='flex_column av-148uy-1f49e01e3dde5f3c098f3ca7dbfd040f av_one_fourth  avia-builder-el-22  el_after_av_one_fourth  avia-builder-el-last  sombra flex_column_table_cell av-equal-height-column av-align-top column-top-margin'   ><p>\n<style type=\"text\/css\" data-created_by=\"avia_inline_auto\" id=\"style-css-av-l1m231h8-bd0538e164d5fa324fdf7d63670ec986\">\n.avia-image-container.av-l1m231h8-bd0538e164d5fa324fdf7d63670ec986 .av-image-caption-overlay-center{\ncolor:#ffffff;\n}\n<\/style>\n<div  class='avia-image-container av-l1m231h8-bd0538e164d5fa324fdf7d63670ec986 av-styling- avia-align-center  avia-builder-el-23  el_before_av_heading  avia-builder-el-first '  itemprop=\"image\" itemscope=\"itemscope\" itemtype=\"https:\/\/schema.org\/ImageObject\" ><div class=\"avia-image-container-inner\"><div class=\"avia-image-overlay-wrap\"><img decoding=\"async\" class='wp-image-188 avia-img-lazy-loading-not-188 avia_image' src=\"https:\/\/penalolen.dev-gdm.cl\/mascotas\/wp-content\/uploads\/2022\/04\/team_02.png\" alt='' title='team_02'  height=\"300\" width=\"300\"  itemprop=\"thumbnailUrl\" srcset=\"https:\/\/penalolen.dev-gdm.cl\/mascotas\/wp-content\/uploads\/2022\/04\/team_02.png 300w, https:\/\/penalolen.dev-gdm.cl\/mascotas\/wp-content\/uploads\/2022\/04\/team_02-80x80.png 80w, https:\/\/penalolen.dev-gdm.cl\/mascotas\/wp-content\/uploads\/2022\/04\/team_02-36x36.png 36w, https:\/\/penalolen.dev-gdm.cl\/mascotas\/wp-content\/uploads\/2022\/04\/team_02-180x180.png 180w\" sizes=\"(max-width: 300px) 100vw, 300px\" \/><\/div><\/div><\/div><br \/>\n\n<style type=\"text\/css\" data-created_by=\"avia_inline_auto\" id=\"style-css-av-l1m23pzh-54b0215c4da252e04171a21154d1e57d\">\n#top .av-special-heading.av-l1m23pzh-54b0215c4da252e04171a21154d1e57d{\npadding-bottom:10px;\n}\nbody .av-special-heading.av-l1m23pzh-54b0215c4da252e04171a21154d1e57d .av-special-heading-tag .heading-char{\nfont-size:25px;\n}\n.av-special-heading.av-l1m23pzh-54b0215c4da252e04171a21154d1e57d .av-subheading{\nfont-size:15px;\n}\n<\/style>\n<div  class='av-special-heading av-l1m23pzh-54b0215c4da252e04171a21154d1e57d av-special-heading-h3 blockquote modern-quote modern-centered  avia-builder-el-24  el_after_av_image  avia-builder-el-last '><h3 class='av-special-heading-tag'  itemprop=\"headline\"  >Nombre persona<\/h3><div class='av-subheading av-subheading_below'><p>Veterinario<\/p>\n<\/div><div class=\"special-heading-border\"><div class=\"special-heading-inner-border\"><\/div><\/div><\/div><\/p><\/div><\/div><!--close column table wrapper. Autoclose: 1 -->\n<\/div><\/div><\/div><!-- close content main div --><\/div><\/div><div id='after_section_1'  class='main_color av_default_container_wrap container_wrap sidebar_right'  ><div class='container av-section-cont-open' ><div class='template-page content  av-content-small alpha units'><div class='post-entry post-entry-type-page post-entry-22'><div class='entry-content-wrapper clearfix'>\n","protected":false},"excerpt":{"rendered":"","protected":false},"author":1,"featured_media":0,"parent":0,"menu_order":0,"comment_status":"closed","ping_status":"closed","template":"","meta":{"footnotes":""},"class_list":["post-22","page","type-page","status-publish","hentry"],"_links":{"self":[{"href":"https:\/\/penalolen.dev-gdm.cl\/mascotas\/wp-json\/wp\/v2\/pages\/22","targetHints":{"allow":["GET"]}}],"collection":[{"href":"https:\/\/penalolen.dev-gdm.cl\/mascotas\/wp-json\/wp\/v2\/pages"}],"about":[{"href":"https:\/\/penalolen.dev-gdm.cl\/mascotas\/wp-json\/wp\/v2\/types\/page"}],"author":[{"embeddable":true,"href":"https:\/\/penalolen.dev-gdm.cl\/mascotas\/wp-json\/wp\/v2\/users\/1"}],"replies":[{"embeddable":true,"href":"https:\/\/penalolen.dev-gdm.cl\/mascotas\/wp-json\/wp\/v2\/comments?post=22"}],"version-history":[{"count":32,"href":"https:\/\/penalolen.dev-gdm.cl\/mascotas\/wp-json\/wp\/v2\/pages\/22\/revisions"}],"predecessor-version":[{"id":365,"href":"https:\/\/penalolen.dev-gdm.cl\/mascotas\/wp-json\/wp\/v2\/pages\/22\/revisions\/365"}],"wp:attachment":[{"href":"https:\/\/penalolen.dev-gdm.cl\/mascotas\/wp-json\/wp\/v2\/media?parent=22"}],"curies":[{"name":"wp","href":"https:\/\/api.w.org\/{rel}","templated":true}]}}